d 64.
8
Let h be (3 + (-86)/4)*-2. Suppose -12*x = -4*x + 240. Let y = h + x. Calculate the highest common divisor of 77 and y.
7
Let d(l) = 5*l + 47. Let w be d(5). Suppose -72 = -h - 3*h + 2*g, -4*g = -4*h + w. Calculate the greatest common divisor of h and 18.
18
Let a = 663 - 391. Suppose 0 = -5*d - 2*f + a, -d - 2*f + 17 = -31. Suppose -4*j = -7*j + w + 26, 29 = 2*j - 3*w. What is the greatest common factor of d and j?
7
Suppose -6*k - 2*l + 4778 = 0, 5*k + 17*l = 15*l + 3980. Calculate the highest common divisor of 874 and k.
38
Let q be ((-44)/(-66))/(2/6). Suppose -4*g + g + 117 = -3*k, 3*g = -q*k + 97. Calculate the greatest common divisor of 14 and g.
7
Let s = 418 + -211. Let f be 26/((-3120)/(-5370)) + ((-28)/16 - -3). Calculate the highest common divisor of s and f.
23
Suppose 5*t - 151 + 161 = 0. Let c be -3*((-1)/1)/(t - -5). Calculate the highest common divisor of 17 and c.
1
Let r be 9 - 11 - (-4 + -1 + 0). Suppose 2*y + 14*k = 16*k + 426, y + r*k = 197. What is the highest common factor of 22 and y?
11
Let x be -90*((-85)/15 - -6). Let f(o) = 2*o**2 - o + 5. Let g be f(4). Let v = x + g. Calculate the highest common divisor of v and 15.
3
Let r(i) = -i**2 - 42*i - 144. Let t be r(-30). Suppose -t = 29*u - 33*u. What is the highest common divisor of 234 and u?
18
Let q = -4010 - -4325. Calculate the highest common divisor of 27 and q.
9
Suppose -21*u + 100 = -5*g - 26*u, -g - 19 = 2*u. Let a = 86 + g. Let m be (-4)/6 - 320/(-12). Calculate the greatest common factor of m and a.
13
Let g = 9583 - 9571. What is the highest common factor of g and 5388?
12
Let f = -1549 + 1654. Let i = -188 + 263. What is the highest common divisor of i and f?
15
Let u be (684/(-45))/19*(-8065)/2 - -6. Calculate the highest common factor of 128 and u.
32
Let o(l) = 5*l**2 + 10*l + 34. Let d be o(-3). Suppose d = -47*k + 48*k. What is the greatest common factor of 196 and k?
49
Let j = 2822 - 2437. Calculate the highest common factor of 630 and j.
35
Let t = -1055 + 1153. Calculate the highest common factor of 448 and t.
14
Let b(o) = o**3 + 18*o**2 - 2*o - 34. Let d be b(-18). Suppose -12*k - 152 = -4*m - 13*k, -m - 2*k = -38. What is the highest common factor of d and m?
2
Suppose 2*x - m = 0, 4*x + 8 = 4*m - 0. Suppose -180*k = -184*k + 128. Calculate the greatest common factor of x and k.
2
Suppose 6*c - 10*c + 2*u = -528, 0 = -5*c + 5*u + 645. Calculate the highest common factor of c and 90.
45
Let t(g) = -34*g**2 - 42*g + 15. Let h be t(-5). Let v = h + 639. Calculate the highest common factor of 406 and v.
14
Let w = 124 - 80. Let n(k) = 8*k + 34. Let p be n(-4). Suppose 0 = -5*i - 10, 0 = -q + p*i + 5 + 10. What is the highest common divisor of w and q?
11
Suppose -3*b = -2*b - 5*a - 33, -3*b - a = -35. Let t = 164 - 428. Let u = -147 - t. Calculate the greatest common divisor of u and b.
13
Let d(r) = -8*r**2 - 1043*r - 70. Let m be d(-7). What is the greatest common divisor of m and 14?
7
Let h = -53004 - -53788. Let j = -197 - -295. Calculate the greatest common divisor of j and h.
98
Let i = -589 + 685. What is the highest common factor of 984 and i?
24
Let t = 2993 - 2933. Calculate the greatest common factor of t and 4110.
30
Let c = 38 + -35. Let b(m) = 4*m**2 - m**c - 1 + 0 + 3*m - 3. Let z be b(2). What is the greatest common divisor of z and 80?
10
Let k = 315 + -241. What is the greatest common divisor of k and 185?
37
Let c(n) = 10*n**3 + 3*n**2 - 3*n - 2. Let l be c(2). Let i = l + -81. Suppose 2*o - o = -2*a, -3*a = -i*o - 9. What is the highest common factor of 5 and a?
1
Let l(x) = x**3 + 6*x**2 - 4*x + 2. Let i be l(-6). Suppose -90*v = -19244 - 2379 - 15817. Calculate the greatest common divisor of i and v.
26
Let d(s) = s**3 - 19*s**2 + 75*s - 692. Let l be d(17). Calculate the greatest common factor of 3215 and l.
5
Let j = 111 + -92. Let b = 6568 + -5960. What is the highest common divisor of b and j?
19
Suppose 945*b + 3*x + 18 = 948*b, 16 = -4*x. Calculate the highest common factor of 96 and b.
2
Suppose -3*d + 32 = -67. Let z = d - 21. Suppose -4*o - 79 + 607 = 0. What is the highest common divisor of o and z?
12
Suppose -2*f = -2*r - 14535 - 7431, -3*f + 4*r = -32949. Calculate the greatest common factor of 7 and f.
7
Let i(x) = 11*x**2 + 8*x + 98. Let y be i(0). What is the greatest common divisor of y and 2800?
14
Suppose -7*i + 60 = -6*i. Let y = -59 - -65. Suppose t - 28 = -2*s, 4*s = y*s - 8. Calculate the greatest common divisor of i and t.
20
Suppose -4 = -22*g + 20*g. Let f be (g - 0 - -3) + 15. Calculate the greatest common divisor of 220 and f.
20
Let t = -33 + -177. Let y = 56 - t. Calculate the greatest common divisor of 57 and y.
19
Suppose 20*t = 21*t - 5*j - 148, 2*j = 5*t - 740. What is the highest common factor of 2516 and t?
148
Suppose -5*u - 468 = -v, 3 = 4*u + 15. Let x be v/7 - (-66)/231. What is the highest common factor of 5 and x?
5
Suppose -2069*f + 2147*f - 55224 = 0. Calculate the greatest common factor of 732 and f.
12
Let o = 117 + -112. Suppose -144 = -o*y + 2*y. Calculate the highest common factor of y and 32.
16
Let b(g) be the first derivative of -g**2/2 - 2*g - 12. Let h be b(-5). Let z be 142/46 + (-30)/345. What is the greatest common factor of h and z?
3
Let y(a) = -a**3 - 7*a**2 + a + 6. Let l be y(-7). Let i = 12 + l. Let r = -15503 - -15504. Calculate the highest common divisor of i and r.
1
Let b(r) = -r + 1372. Let q be b(76). What is the greatest common factor of q and 64?
16
Let o be (361/(-114) - -3) + 53131/6. Calculate the highest common divisor of 35 and o.
35
Let q be ((-2)/(-6))/((-10)/210) + 986. What is the highest common factor of 176 and q?
11
Suppose 97*q = -185*q - 5126 + 23738. What is the greatest common divisor of 825 and q?
33
Let w(x) = -x**3 - 21*x**2 + x + 19. Let c be w(-21). Let m be (c/(-3))/((-20)/(-30)). Calculate the highest common factor of m and 16.
1
Let q be 111/39 + -3 + (-100)/26. Let i be q + 6/(-21) + 4050/63. Calculate the highest common divisor of i and 10.
10
Let p(m) = m**3 - 91*m**2 + 99*m - 383. Let q be p(90). Calculate the greatest common factor of q and 1891.
61
Let b be (-174)/3*6/(84/(-119)). Calculate the highest common divisor of b and 34.
17
Let s(g) = 5*g**2 - 451*g - 345. Let u be s(91). Suppose -4*q + 150 = -154. What is the greatest common factor of q and u?
19
Suppose 0 = 82*g - 626 - 850. What is the highest common factor of 144 and g?
18
Suppose 7*o + 8 = 6*o. Let w(h) = h**3 + 7*h**2 - 7*h. Let i be w(o). Let u(j) = -j**2 - 6*j + 26. Let f be u(i). What is the highest common factor of f and 90?
10
Let j be ((-40)/(-160))/((-2)/8) + (49 - 0). What is the greatest common factor of j and 592?
16
Let y be 7/(-14)*3*-11*(5 - 1). Suppose 5*o + 15 = -2*c + 44, -c - 4*o = -10. Calculate the highest common factor of y and c.
22
Let m be (-1)/(-11) + 28175/77. Let w = m + -365. Calculate the highest common factor of w and 17.
1
Let o be 202/6 + (-48)/(-36). Let d be 34/(-3)*(-15)/10. Suppose -18 = -5*u + d. Calculate the highest common factor of o and u.
7
Suppose -6*v + 20480 = r, -18*v - 3*r = -14*v - 13672. What is the greatest common divisor of 4 and v?
4
Suppose 2007 = -25*o + 39*o - 14793. What is the greatest common factor of o and 6?
6
Let u(n) = -6*n**2 - 16 - 7 - 13*n - 146*n**3 + 144*n**3. Let b be u(-3). Calculate the highest common factor of b and 1072.
16
Suppose -l + 44 = l. Let m be (-3)/(20 + -2) - (-75)/18. Suppose r = -2*p + 392 - 128, 3*r = -m*p + 528. What is the highest common divisor of l and p?
22
Let z(m) = -8*m - 2*m + 60 + 7*m + 7*m. Let h be z(-11). What is the greatest common divisor of h and 176?
16
Suppose 0 = x - 2, -5*k - 213*x + 10364 = -211*x. What is the highest common divisor of 112 and k?
56
Suppose w + 4 = 0, -3*w + 515 + 177 = 4*b. What is the highest common factor of 1100 and b?
44
Suppose 0*l = 2*l. Let k be -2 - (l - -1) - (-106 + 5). Suppose q = -h - 3*q - 2, 3*h - 3*q = 54. Calculate the highest common divisor of k and h.
14
Let b = -81 + 103. Let f(z) = -59*z - 2. Let d be f(2). Let l = d + 186. Calculate the highest common factor of l and b.
22
Suppose -11*p + 1819 = -6530. What is the highest common divisor of p and 621?
69
Let w(d) = 17*d + 30 + d**2 - d + 2. Suppose 0 = 2*y